-17*c + 4. What are the prime factors of u(-3)?
5, 11
Suppose 5*m + 5*r = 0, -8 = -2*m - r - 3. Let t(p) = p**2 + 4. List the prime factors of t(m).
29
Let v = -4 - -4. Suppose f + f + 3*l - 16 = v, 2*f - 4*l - 16 = 0. List the prime factors of f.
2
Let q(a) = a**3 + 25*a**2 + 20*a - 53. List the prime factors of q(-24).
43
Let i = -1 - -3. Suppose 0 = -4*t, -2*t + i = 4*x - 3*x. What are the prime factors of x/(2 + (-33)/18)?
2, 3
Let t = 9 - -28. List the prime factors of t.
37
Let s = 14 + -10. Suppose s*j = 5*j - 17. List the prime factors of j.
17
Let n = 25 + -12. List the prime factors of n.
13
Let m = 123 - 48. What are the prime factors of m?
3, 5
Let l = 10 + -7. Suppose 0*g + l*g = 54. What are the prime factors of g?
2, 3
Let z(p) = p + 5. Let b be z(-5). Let i = b - -2. List the prime factors of ((-7)/i)/(3/(-6)).
7
Suppose -4*p - 440 = -2*l - 1360, -p = -2*l - 236. List the prime factors of p.
2, 3, 19
Let w(l) be the third derivative of l**4/8 - l**3 + 3*l**2. List the prime factors of w(14).
2, 3
Let y = 181 + -81. List the prime factors of y.
2, 5
Let o(r) = r**2 - 13*r + 9. List the prime factors of o(13).
3
Suppose 22 = -3*x + 91. What are the prime factors of x?
23
Suppose 5*u + n + 2*n = 63, -n = -5*u + 59. List the prime factors of u.
2, 3
Let l(v) = -v**3 + 4*v**2 + v - 4. Let i be l(4). Let n be i + 6/(-2) + 2. List the prime factors of (-2)/(-2) + (10 - n).
2, 3
Let y(z) = -4*z + 5. What are the prime factors of y(-3)?
17
Let p(c) = c**2 + c + 4. Suppose -4*f + 7*f = 30. Suppose -2*s + f = -5*t, 0 = 5*t + 3*s + 34 + 1. List the prime factors of p(t).
2
Suppose -5*j - 5*a + 800 = 0, 7*j - 2*a = 2*j + 793. What are the prime factors of j?
3, 53
Let h(t) = 10*t**2 - 20*t - 9. Let u = -17 + 10. Let d(z) = -7*z**2 + 13*z + 6. Let l(y) = u*d(y) - 5*h(y). List the prime factors of l(7).
17
Let d be 30/6 - (-1 - -1). Let w = d + 3. List the prime factors of w.
2
Let o = 0 - -8. Suppose -4*k - 4*z + 13 = -63, 4*z - o = 0. What are the prime factors of k?
17
Suppose -5*h + y = -807, -h - 2*y = -200 + 32. List the prime factors of h.
2, 3
Let k = 317 - 218. List the prime factors of k.
3, 11
Let k(g) = -17*g + 37. What are the prime factors of k(-11)?
2, 7
Suppose 4*p - 8 = 2*p + 2*j, 0 = 4*p + 2*j + 8. Suppose -5*t - k = -t - 132, p = 3*t - k - 106. List the prime factors of t.
2, 17
Let z(f) = -f**3 + 7*f**2 - 3*f - 7. What are the prime factors of z(6)?
11
Let p be 15/(-6)*13*-2. Suppose -p = 3*y - 8*y. List the prime factors of y.
13
Let o be (-6)/((-9)/(-12)*2). Let v = -2 + 8. Let m = o + v. What are the prime factors of m?
2
Let z be (-2)/(-9) - 1408/99. Let m be 46/10 + 4/10. Let w = m - z. List the prime factors of w.
19
Let o(q) = -q + 51. List the prime factors of o(15).
2, 3
Let k = -8 + -4. Let t = 21 + k. List the prime factors of t.
3
Let z = -6 - -23. What are the prime factors of z?
17
Let i(u) = u**2 - 6*u + 2. Let h be i(3). Let d(m) be the first derivative of m**3/3 + 5*m**2/2 + 6*m + 7. What are the prime factors of d(h)?
2, 5
Let f(p) be the first derivative of p**3 - p**2/2 - p - 3. What are the prime factors of f(-1)?
3
Suppose -3*h = -7*h + 24. List the prime factors of ((-20)/h)/((-6)/9).
5
Let p(m) = 2*m - 10. Let q be p(5). Let r(u) = -u**3 + 8*u**2 - 9*u + 7. Let s be r(6). Suppose q*n = -5*n + s. List the prime factors of n.
5
Let f(v) = 6*v - 2. Suppose 0 = -0*z + z - 2. List the prime factors of f(z).
2, 5
Suppose t = -2*t. Suppose t = 6*y - 2*y - 116. List the prime factors of y.
29
Let z(y) = 5*y - 4. Let p be z(6). Let g(k) = 6*k**2 - k. Let v be g(1). Suppose -v*j - 4*d + 29 = -5*d, 4*d = 2*j - p. What are the prime factors of j?
5
Suppose -406 + 97 = -3*c. List the prime factors of c.
103
Let c = 235 + -161. List the prime factors of c.
2, 37
Let s be (-1)/(-6) - (-5117)/42. Suppose 5*r + b - s = 0, -4*b - 3 = -3*b. List the prime factors of r.
5
Let d(v) = 29*v**2 + 5*v - 1. What are the prime factors of d(2)?
5
Let n(q) = -5*q**2 + 2 - q - 2*q**2 - 3 + q**2. Let u be n(-1). Let j = u - -20. List the prime factors of j.
2, 7
Suppose 5*c = 2*n - 6*n + 30, -2*n - 30 = -5*c. Let q = c - 2. List the prime factors of q.
2
Let c = 67 - 47. Suppose -d = d + a - c, a = -d + 9. What are the prime factors of d?
11
Let l be ((-5)/(-3) - 2)*0. Suppose l = -0*w + w - 3. Suppose 0*r = w*r - 54. What are the prime factors of r?
2, 3
Let u be -20*((-87)/(-15) - 3). Let q be 39/(-2)*(8 + -6). Let t = q - u. What are the prime factors of t?
17
Let j = 11 + -19. Let z(i) = -i**2 - 14*i - 8. What are the prime factors of z(j)?
2, 5
Suppose q - 5*s = -9, -3*s = -3*q + 4*q - 31. What are the prime factors of q?
2
Let q = 202 - 148. List the prime factors of q.
2, 3
Let x(o) = o**2 - o + 3. Let f be x(-3). Suppose 6*v - v = f. Suppose 0 = -u, -2*b - v*u - 16 = -6*b. List the prime factors of b.
2
Let d(p) = -13*p - 1. Suppose a = 2*a - 1. Let q be d(a). Let j = -3 - q. List the prime factors of j.
11
Suppose -2*g - 5*q + 101 = 0, -q - 139 = -3*g + 4*q. What are the prime factors of g?
2, 3
Let a = 73 - 6. What are the prime factors of a?
67
Suppose 1397 + 655 = 12*q. List the prime factors of q.
3, 19
Suppose -u + 54 = -0*u. What are the prime factors of u?
2, 3
Let q(m) = -m**2 - 12*m. Let g(f) = f**2 + 11*f + 1. Let c(x) = 4*g(x) + 3*q(x). Let v be c(-8). Let s = 1 + v. List the prime factors of s.
5
What are the prime factors of (-148)/(-2)*(266/4)/19?
7, 37
Let a be (-1 - 0)*(2 - 1). Let m be a + (-1 - -1) + 0. List the prime factors of 2 - ((-3)/m - 12).
11
Suppose -3*s = 4*u - 10, 0 = -u - s - 4*s - 6. List the prime factors of u.
2
Suppose -15*c + 500 = -10*c. What are the prime factors of c?
2, 5
Suppose 2*n + 80 = 4*n - 5*h, 3*n + 5*h - 95 = 0. What are the prime factors of n?
5, 7
Let n = 1 + 1. Let m = n + 26. Let g = -7 + m. List the prime factors of g.
3, 7
Suppose -7 = -z + 4*m + m, 2*z + m - 25 = 0. What are the prime factors of 3/(-4)*z/(-1)?
3
Suppose -4*d + 10 = -10. Let i(r) = r**3 - 5*r**2 + 4*r + 7. What are the prime factors of i(d)?
3
Let j = 233 + -117. List the prime factors of j.
2, 29
Let o = -2 - 1. Let j be (1 - o)/(-2)*-2. Suppose s - 2*s - 2*p = 0, -3*s + 6 = j*p. What are the prime factors of s?
2, 3
Suppose -t - 518 = -2*l, -4*l + 1008 = 2*t - 36. What are the prime factors of l?
2, 5, 13
Suppose -3*t = -0*t + 6. List the prime factors of ((-13)/t)/(3/6).
13
Let z = 64 + -61. What are the prime factors of z?
3
Let w be (-1 + 1)/(-4 + 6). Suppose o - 5*o + 20 = w. Suppose 46 - 11 = o*n. List the prime factors of n.
7
Suppose 3*m + 4*q - 59 = -23, -48 = -4*m + 4*q. Let g = m - -3. List the prime factors of g.
3, 5
Let o = 52 + -29. List the prime factors of (-2)/(-6) - o/(-3).
2
What are the prime factors of (2/(-4))/(9/(-378))?
3, 7
Suppose 4*j - 3*z - 195 = 0, -3*j - z + 150 = -2*z. Suppose -2*b + j = 5*o, b + 2*o = 1 + 22. List the prime factors of b.
13
Let d(z) = 4*z + 5. Let f(l) = 12*l + 14. Let a be 4*1/4*14. Let y(r) = a*d(r) - 5*f(r). List the prime factors of y(-1).
2
Suppose 0 = -5*x + 4*x - 7. Let y(f) = -f**3 - 6*f**2 + 6*f + 5. List the prime factors of y(x).
2, 3
List the prime factors of 144 + 6/2 + 3.
2, 3, 5
Let p = -1 - -4. Let j = p + -1. Suppose -j*r + 28 + 0 = 0. List the prime factors of r.
2, 7
Suppose 1 = 2*d - 3. Suppose 2*w + 3*a - 109 = 0, d*a - 100 = -2*w + 14. Suppose -4*l + f - 14 + w = 0, -f - 4 = 0. List the prime factors of l.
11
Let r be ((-6)/(-1))/(10/25). Let j be (-10)/(-3)*36/r. Suppose -2*s - 3*z = -2, 0 = 4*s - z - j - 24. List the prime factors of s.
7
Suppose 2*n - 6 = -2*v, -3*v + 10 = 3*n + v. Suppose 3*p - 8 = n*p. List the prime factors of p.
2
Let x(k) = -k + 13. Let v be x(10). Suppose f + 3*t - 51 = -v*f, -8 = -f + 4*t. List the prime factors of f.
2, 3
Let x(y) = -2*y + 3. Let d be x(-3). Let s(j) = j**3 - 8*j**2 - 8*j + 10. List the prime factors of s(d).
19
Suppose 3*g = g + 68. Suppose 5*y + 5*d - 35 = 0, y + 4*d - 10 = 6*y. Suppose 0*v = -2*v + 10, -4*v + g = y*o. What are the prime factors of o?
7
Let c be ((-12)/(-21))/(4/14). Suppose -4*j + 4 = c*h, h + 3 + 4 = j. Suppose -j*x + x = -42. List the prime factors of x.
3, 7
Let i(s) = -22*s - 21. What are the prime factors of i(-6)?
3, 37
Let c(s) = -s**2 + 8*s + 2. Let p b